 18)).
-8
Evaluate -6 + 10 + -2 + (-1 - 4).
-3
-6 + 2 + (6 - -4) - -2
8
Evaluate (-1 - (3 + -4 + 3)) + 3.
0
-5 + 1 + (-5 - (-1 + -7))
-1
What is (-12 - -7) + (4 - 1)?
-2
Evaluate 3 + 4 - (2 - -1) - -1.
5
What is the value of -2 + (1 - -1) + -6 + 4?
-2
What is the value of -2 + (-1 - 0) + 4 + 1?
2
-4 - (-1 - -2 - 9)
4
(-1 - 15) + 162 + -154
-8
Evaluate (8 - 7) + -1 + 6 + -2.
4
Evaluate -1 + 3 - ((-13 - -15) + 1).
-1
Calculate 1 + 1 + -1 + -4.
-3
Calculate 7 - (1 + (-7 - -8) + 6).
-1
What is (-5 - -3) + 3 + (-15 - -18)?
4
What is the value of -9 - (-6 + 5 - (5 + -4))?
-7
Calculate 9 + 0 + (-281 - -279).
7
((2 - 5) + 6 - 5) + -3
-5
Calculate -6 + 4 + (7 - 9) + 6.
2
-5 + (8 - (9 - 3))
-3
Calculate -4 + 2 - (-7 - -2).
3
What is (6 + 5 + -6 - 2) + -6?
-3
What is (12 + -8 - -5) + -2 + -2?
5
Evaluate (10 - 3) + (0 - 4).
3
Calculate (11 - 3) + (-7 - -8).
9
Calculate (-5 - (-6 - -3)) + (-3 - 4).
-9
Calculate (11 - 23) + 6 - -3.
-3
What is 69 + -64 + (2 - 8)?
-1
Evaluate 62 + -62 + 5 + -1.
4
What is 3 + (-1 - 4) + 3?
1
0 - -5 - (-2 + 2 + 1)
4
What is the value of -1 + (3 - 1) - 1?
0
Evaluate (0 - -9) + -4 + -7 - -5.
3
Evaluate (0 - 0) + (1 - 2).
-1
Calculate (2 - 4) + 10 - (19 - 15).
4
What is the value of (3 - 7) + 9 + (7 - 15)?
-3
-6 - -1 - -6 - 7
-6
Calculate 4 + (-7 - -10) + -3.
4
0 - (-3 + 3 - (4 + -3))
1
Evaluate 3 - (0 + 3) - (6 + -4).
-2
What is the value of (-42 - -32) + (12 - -2)?
4
What is the value of -2 + 2 + (12 - 16)?
-4
What is -4 - (0 - 0) - -9?
5
Evaluate -4 + (4 + 4 + -15 - -15).
4
Evaluate -45 + 45 - (2 + -4).
2
Calculate 0 + 15 + (-14 + 17 - 10).
8
What is 9 + -3 + 1 + -4?
3
What is 70 - 75 - (1 - 3)?
-3
Calculate -4 + -2 + 4 + 4.
2
Calculate 5 - (2 - (0 + 2) - -6).
-1
What is the value of -4 + (-1 - (-3 - 0) - -6)?
4
What is the value of 12 + -8 - ((-6 - -3) + 9)?
-2
Evaluate 23 + -16 - (6 - -1).
0
Evaluate (2 + -5 - -5) + 3.
5
What is (-2 - 6) + (-7 - -7) + -1?
-9
-6 + (-4 - -7) - 2
-5
Evaluate 8 + (-20 - (-21 - -10)).
-1
What is 1 - 3 - (2 - 1)?
-3
What is 0 + -2 + 5 + 2 - 1?
4
Evaluate 1 - -1 - (-2 - (-6 + 7)).
5
What is 5 + (-11 - -5) + 11?
10
Evaluate 5 + (-7 - -4) + 6 + -6.
2
What is -3 + (1 - (8 + -5) - -8)?
3
Evaluate 10 - (12 - 1 - 1).
0
What is the value of 9 - (3 - (-4 - -3))?
5
What is 17 + -1 + (5 - 10) - 8?
3
What is 16 - (14 - 10 - -6)?
6
What is (3 - (9 + -5)) + -1?
-2
What is the value of 1 - (-6 - -7 - 4) - 5?
-1
What is 1 + 0 + (4 - (-5 + 14))?
-4
Evaluate (4 - 5 - 10) + 13.
2
What is 2 + 2 + (1 - 3) - 2?
0
What is 1 - ((5 - 2 - 1) + 4)?
-5
What is -4 - (3 - (4 - (-2 - -2)))?
-3
16 + -6 + -1 - 4
5
What is the value of -5 + (-5 + 2 + 7 - -4)?
3
Calculate -9 - (-2 + -4 + -1).
-2
Evaluate (7 + -2 - 0) + -9.
-4
1 + (-1 - (-1 - (4 - 1)))
4
Calculate 39 + -28 - (9 + -2).
4
Evaluate -3 - (-6 + 2) - -2.
3
2 + (-8 - ((0 - -2) + -5))
-3
Evaluate (-18 - -2) + (0 - -10).
-6
What is the value of 1 - (9 + -7) - 4?
-5
What is (3 - (4 + 1)) + (6 - 4)?
0
Evaluate -9 + (12 - 6) + 4.
1
10 + 0 + 4 + 4 + -13
5
Calculate (-8 - 0) + 2 + 10.
4
Evaluate -8 - (7 + -1 - 9 - -2).
-7
What is the value of 10 - (5 + -4) - 5?
4
Evaluate 2 - (-1 + -4 - (-7 + -6)).
-6
What is the value of -9 + (5 - 0) - 0?
-4
What is -2 + -1 + 5 + 1?
3
Calculate (26 - 20) + (-14 - (3 - 6)).
-5
0 + 2 - (2 + 2 - -1)
-3
1 + -4 + -47 + 47
-3
What is the value of (-1 + 3 - -1) + (2 - 0)?
5
What is 4 + -6 + (3 - 5) + -1?
-5
Evaluate -2 + (6 - ((5 - -2) + 4)).
-7
What is the value of 8 + -1 - 2 - (1 + 3)?
1
What is the value of (-56 - -53) + -2 + -2 + -3?
-10
What is the value of 2 - (5 + (2 - 12))?
7
Calculate -6 - (4 - (5 - -1)) - 2.
-6
What is -2 + -1 + 0 - -5?
2
(2 - (-4 + (2 - -1))) + -1
2
What is 5 + (0 - 1 - -6 - 11)?
-1
Calculate 2 - (1 + (2 - (-1 - -3))).
1
-2 + (-2 + 3 - (24 - 18))
-7
13 + (-4 - (9 - 7))
7
Evaluate (13 - (9 + 3)) + 3.
4
Evaluate -3 + 5 + -2 + 4.
4
What is 3 + (-2 - 0 - 8 - 1)?
-8
What is 10 - (10 + (8 - 0))?
-8
Evaluate 0 + 9 - 10 - 5.
-6
Calculate (5 + -9 - -8) + -3.
1
What is the value of 125 + -123 + (2 - (0 - 2))?
6
Calculate -5 + -3 + 1 + 11 + -10.
-6
Calculate 3 - -1 - (4 - 1) - -1.
2
(1 - 3 - (-13 - -26)) + 7
-8
Evaluate 1 - 6 - (171 - 172).
-4
Calculate (-1 - 1) + (2 - 0 - 0).
0
Evaluate 6 - -3 - -1 - 5.
5
What is the value of -1 - (-1 - (5 - (3 + 1)))?
1
Calculate -53 - -49 - (5 - (-1 - -3)).
-7
Evaluate 0 + 5 + (-8 - (-14 - -5)).
6
What is the value of -1 - (-2 - -15) - -10?
-4
Evaluate -3 + -2 + 2 + -2.
-5
1 + 0 + -1 - 2
-2
What is 1 - 4 - (-3 - -4)?
-4
4 - (-16 - -6) - 7
7
What is the value of -1 - (2 - 4 - -6 - 1)?
-4
What is the value of (-1 - 0) + (-9 - -10)?
0
Evaluate -4 + 3 + -2 + -1.
-4
What is the value of 2 + -11 - (-1 + -2)?
-6
Calculate -11 + -11 + 2 + 14.
-6
What is the value of (-5 - 2) + (-4 - -11)?
0
-13 + (8 - 5 - -3)
-7
What is (0 - 1) + (-3 - -5 - 1)?
0
What is the value of 5 + (-9 - -5 - 6)?
-5
What is 4 - (15 + -4) - -4?
-3
4 + 3 + -1 - (-81 + 80)
7
What is 0 - -3 - (9 + 0)?
-6
What is 6 - (-9 + 5 + 12)?
-2
7 + -3 + 0 + 4 + -9
-1
-6 - (-5 - (-3 - -4))
0
-9 - (-5 + 2 + -2) - 4
-8
Evaluate -1 + -6 - (63 + -74).
4
Calculate -2 + 3 + (5 - 1).
5
What is the value of -2 + (0 - -2) + -3 + 2?
-1
3 - -1 - (96 + -93)
1
(10 - (-3 - -7)) + (-14 - -2)
-6
Evaluate -4 - (0 - -3 - 4) - 1.
-4
What is -17 - 0 - (77 - 84) - -7?
-3
16 - 14 - (-1 + 4)
-1
Calculate 2 - -1 - 1 - (0 - -1).
1
What is the value of (-10 - -3) + 2 - (-13 - -6)?
2
What is the value of (-4 - (-6 - -2)) + 2?
2
1 + 4 - (-2 + 2)
5
What is the value of (9 - 11 - -6) + 0?
4
(3 - 7) + (3 - -2)
1
What is -8 + (7 - -1) - (1 + 4)?
-5
Calculate -6 - -5 - -4 - -1.
4
What is the value of 11 + (1 - -5 - (25 + -14))?
6
Evaluate (-16 - -13) + 0 + 0.
-3
What is the value of (1 - ((4 - 2) + 4)) + 7?
2
Calculate (3 - 0 - 1) + -3.
-1
What is -3 - -6 - 5 - (-4 + 0)?
2
What is the value of -6 + (-5 - 2) + 7 + 8?
2
What is -4 - (-5 - 0 - -12 - 4)?
-7
What is -1 + -1 + -2 + (-7 - -9)?
-2
What is 1 + 8 + -1 + -4?
4
What is -20 + 10 + 17 + -11?
-4
Evaluate 3 + -1 + (1 - (-2 - -5)).
0
4 - ((1 - 2) + (13 - 11))
3
What is (2 - (-1 - -2)) + (-2 - 0)?
-1
Calculate (-3 - -1) + -1 + (3 - 0).
0
Evaluate 0 - -5 - (-6 + 7 - -1).
3
Evaluate 6 + 3 + -13 - (0 + -9).
5
What is 2 + (3 - 3) + 1?
3
What is -7 - 4 - -10 - (-1 + 1)?
-1
What is the value of -3 + (0 + -4 + 5 - -1)?
-1
What is (0 - 6) + 2 + 6?
2
Evaluate (-2 + -1 - (0 - 0)) + 5.
2
Calculate -13 - -14 - (2 + 1 - 0).
-2
What is -9 + 5 + 4 - -6?
6
Calculate -1 + (-8 - -14 - 5) + -2.
-2
(1 - 3) + 8 - 11
-5
Evaluate (-4 - (-3 + 3)) + (4 - 1).
-1
Evaluate (0 - -3) + -7 - (5 - 4).
-5
3 - (-3 + 7 + -6) - 5
0
What is the value of -4 - (-8 - (3 - 7))?
0
Calculate 1 + (4 - 3 - 3) - 2.
-3
Calculate (0 - 1) + -20 + 24.
3
What is the value of 11 - 5 - (6 + -3) - 6?
-3
Calculate -121 + 113 - (-11 - 1).
4
What is the value of 5 - (1 - (-3 - 0))?
1
(0 - (2 - 4)) + -4 - -6
4
Calculate 1 + 5 + -3 + -1 + -3.
-1
Calculate -13 + 2 + 6 + 3.
-2
What is 6 + -1 + -20 + 10?
-5
Calculate (119 - 123) + 0 + (1 - 1).
-4
What is the value of 1 + 2 - (4 - (10 + -10))?
-1
Evaluate -7 + (2 - (-8 + 4)).
-1
Calculate 3 - (-2 + 2 - (4 - 10)).
-3
Calculate (-2 - (2 + 1 - 3)) + 7.
5
What is (1 - (2 + 4)) + -3?
-8
Evaluate -1 - (-3 - -10 - 4 - 4).
0
-8 - -4 - 5 - -4
-5
What is -5 + 16 + -6 + -5?
0
What is -7 - -2 - (-1 + -3) - 5?
-6
Calculate -1 + 1 - (-3 + (-2 - -3)).
2
Evaluate 1 - (-7 + 1 + 2).
5
Evaluate 3 + 0 + -2 - (4 - 0).
-3
Evaluate -14 + (0 - -10) + -4.
-8
What is the value of -2 + 1 + 1 - -2?
2
What is the value of 4 + -1 - (-3 + 5 + -2)?
3
3 - (2 + 5 - -2)
-6
Evaluate -3 + 3 + 1 + 3 + -9.
-5
Calculate 0 + -4 - (-13 - (1 - 3)).
7
What is (-4 + 4 - 5 - -4) + 3?
2
4 - (2 + 0 - -2)
0
Evaluate -3 + (-3 + 1 - -3) - -1.
-1
7 + -1 - (8 - 6)
4
Evaluate -2 - (5 + 0 + -10).
3
Evaluate -3 + (-2 + 1 - (-5 - 0)).
1
What is -3 - -1 - (2 + (-2 - 1))?
-1
What is -19 + (-11 - (-33 + 12))?
-9
-3 - -9 - (-4 - -12)
-2
Evaluate -1 + -3 + 0 + -8 + 7.
-5
Evaluate (-1 - (-3 - (3 + -11))) + 3.
-3
Calculate 7 + -9 + 0 + 4 - -2.
4
(4 - 6) + -4 + 8 + -2
0
What is the value of -1 - -3 - (1 - 2)?
3
What is the value of (2 - -2 - 1) + -36 + 26?
-7
What is (-5 - (2 - 3)) + 2?
-2
Calculate (-4 - 6) + 11 + 0.
1
-2 + 2 + -2 + -8 + 7
-3
What is the value of -11 + 6 + -5 + 5?
-5
What is -4 - ((-9 - 